/(1/(-15)). Let k(v) = -v**3 + 7*v**2 - v - 3. Let h be k(5). Let x = h + z. List the prime factors of x.
2, 3
Let o(r) = -258*r - 226. What are the prime factors of o(-3)?
2, 137
List the prime factors of (-6 - 59125/(-44)) + 1/4.
2, 3, 223
Suppose 25 = -3*s - 3*v + 88, -3*s - 4*v + 64 = 0. Suppose 0 = 8*p - 3*p - s, 142 = 2*k - 4*p. List the prime factors of k.
79
Let a = -241 + 822. What are the prime factors of a?
7, 83
Let b be (3/(-9))/(5/(-90)). Let u be (b/(-5))/((-6)/15). Suppose -140 = -u*g - 2*g. List the prime factors of g.
2, 7
What are the prime factors of ((-78)/9)/((-8)/876)?
13, 73
Let f(n) be the second derivative of n**4/6 - n**2 - 9*n. List the prime factors of f(5).
2, 3
Suppose 0*t + t - 52 = 2*y, 0 = 3*t + y - 121. List the prime factors of (t/15 + -4)*-110.
2, 3, 11
Suppose -5*i - 2*x + 20 = -4*x, 3*i - 4*x = 26. Suppose 0*w - 110 = -i*r + 2*w, -3*w = 2*r - 90. List the prime factors of r.
3, 17
Suppose 3*i - 7*i + 3*z = -2887, 5*i = 4*z + 3609. What are the prime factors of i?
7, 103
Suppose 2*i + 2*i = 0. Suppose -p - 2*z = -3*p + 290, i = -4*z. Suppose 4*d = v + p, 16 = d - 4*v - 24. List the prime factors of d.
2, 3
Suppose 67 = -3*n - 11. Let z be ((-12)/(-4)*n)/(-2). Let a = z + -26. List the prime factors of a.
13
Suppose 209 = -3*j + 1004. Suppose 2*t - j = 3*b, -t + 3*t - b = 263. List the prime factors of t.
131
Suppose -11*g + 53 = -10*g. Let i be ((-11)/(-2))/((-3)/(-6)). Let l = g + i. What are the prime factors of l?
2
Let w = 5764 - 3894. List the prime factors of w.
2, 5, 11, 17
Suppose -23*v + 24*v + 15 = 0. Let c be (v/(-10))/((-9)/(-12)). Suppose -2*r = -10, -5*x - 3 + 263 = c*r. List the prime factors of x.
2, 5
Suppose 0 = -n + 3*n - 186. Let v = -46 + n. List the prime factors of v.
47
Let t be (-3 - (2 - 4))*-5. Suppose t*v - v = 24. Suppose v*s - 66 = 114. List the prime factors of s.
2, 3, 5
Suppose -8*l + 234 + 78 = 0. Suppose -147 = -3*j - l. What are the prime factors of j?
2, 3
List the prime factors of ((-91469)/(-4))/7 - (-3)/12.
3, 11
Suppose -9*y = -2*y - 1764. Suppose -4*k = -4*s + y, 205 + 108 = 5*s - 3*k. List the prime factors of s.
2, 31
Let v = -179 - -347. Let z = v + 11. What are the prime factors of z?
179
Let m(f) = 4*f + 26. Let c be m(-4). Suppose -2*v + 108 = 4*i, -c = -3*i + 2. List the prime factors of v.
2, 23
Let k(c) = -c - 5. Let u be k(-2). Let h be u/6*(-51 - 1). Suppose -t - a = -2*t + h, -4 = -2*a. List the prime factors of t.
2, 7
Suppose 14*b + 164 = 15*b. List the prime factors of b.
2, 41
Suppose 5*u - 12*x - 2476 = -10*x, 4*u = 5*x + 1991. What are the prime factors of u?
2, 13, 19
Let p be -3*(-1)/((-1)/17). Suppose 14*n - 13*n = -80. Let u = p - n. List the prime factors of u.
29
Suppose -2*z = -15 + 53. Let t = z + 21. What are the prime factors of 28 - t/3*3?
2, 13
Suppose c = 6*c - 4*n + 138, -105 = 4*c - 5*n. List the prime factors of (220/25)/(-1*3/c).
2, 11
Suppose 23*r - 205 = 18*r. Suppose 2*t + 2*v - 98 = 0, -t - r = -2*t - 5*v. List the prime factors of t.
3, 17
Let z be (24/(-28))/((-3)/(-21)). Let k be -6*4/32*8/(-3). What are the prime factors of (-339)/z + k/4?
3, 19
Let b be (-2)/7 - 1902/(-42). Let n be 8 + (-70)/9 + 52/9. Let c = b - n. List the prime factors of c.
3, 13
Let t be 8*-1*7/(-28). Let x be (3/(-6))/(t/(-12)). Suppose 0 = -x*h - 20 + 107. What are the prime factors of h?
29
Let x be 11/(-33) + 62/(-3). Let b = x + 100. Let c = -46 + b. What are the prime factors of c?
3, 11
Let m = 202 + 6. Suppose -3*i = 4*n - m, -86 = -4*n + 4*i + 94. List the prime factors of n.
7
Suppose 0*d + 2*d - 192 = 0. Suppose -k - 23 + d = 0. List the prime factors of k.
73
Let j = 239 - -71. List the prime factors of j.
2, 5, 31
Let y(l) = -l**3 - 74*l**2 - 27*l - 11. List the prime factors of y(-74).
1987
List the prime factors of ((-118460)/(-25))/(112/140).
5923
Let p = 107 - 103. Suppose 2*r + b = -0*b + 188, r - p*b - 112 = 0. What are the prime factors of r?
2, 3
Let k be (-99)/15 - (-9)/15. Let u(w) be the second derivative of -w**5/20 - w**4/2 - w**3/3 + 3*w**2/2 + 4*w. What are the prime factors of u(k)?
3, 5
Let s(h) = -49*h - 148. List the prime factors of s(-13).
3, 163
Suppose -6*l = 332 - 2012. Suppose -5*w - l = -12*w. List the prime factors of w.
2, 5
What are the prime factors of (8928/(-216))/((-2)/(2 + 64))?
2, 11, 31
Suppose -1 = -j, -20 = 4*s - 8*j + 4*j. Let h(m) = -9*m - 2. Let o(r) = r**2 - 37*r - 7. Let p(c) = -9*h(c) + 2*o(c). What are the prime factors of p(s)?
2
Suppose -2*a + 21*a - 7999 = 0. List the prime factors of a.
421
Let v(w) = 21*w**3 + 4*w**2 - 9*w + 5. List the prime factors of v(2).
3, 19
Let s = -57 - -55. Let r(i) = -12*i + 11. List the prime factors of r(s).
5, 7
Let n = 85 - 88. What are the prime factors of n/9*(3 - 2 - 154)?
3, 17
Suppose -264 = -2*a + l, -3*l + 660 = -0*a + 5*a. List the prime factors of a.
2, 3, 11
Let t = -234 - -371. Let w = t + 66. List the prime factors of w.
7, 29
What are the prime factors of (-520584)/(-109) - (7 - 2)?
13, 367
Let b = 3150 + -1181. What are the prime factors of b?
11, 179
Let l(y) be the third derivative of 2*y**5/3 + y**4/12 + y**3/6 - 11*y**2. What are the prime factors of l(2)?
3, 5, 11
Let k(s) = -s. Let g(y) = 38*y**2 + 4*y - 2. Let w(h) = g(h) + 4*k(h). What are the prime factors of w(1)?
2, 3
Let x be (9 - 10)*(3 + -2)*0. Suppose 2*r - 87 - 125 = x. List the prime factors of r.
2, 53
Let v be -1 + 1 - -16*4. Let z = -359 - -362. Suppose v = 5*r - z*r. What are the prime factors of r?
2
Suppose 1268 = 3*c - 1246. What are the prime factors of c?
2, 419
Let z be 1 + 1986/(-33) - (-30)/165. Let l = 163 - z. List the prime factors of l.
2, 3, 37
What are the prime factors of (-45)/(-1) - (-4 - 6 - -6)?
7
Let t = 84 + -128. Let v = 69 + t. Suppose 5*l - 5 = d + l, -2*d = -l - v. List the prime factors of d.
3, 5
Let n(r) = 2*r**2 - 24*r + 31. List the prime factors of n(19).
3, 11
Let h = 69 + -117. List the prime factors of (-4)/6 - 9296/h.
193
Suppose 3*o = 5*b + 80, -4*b + 90 = 4*o - 2*o. List the prime factors of (-171)/(-7) + (-15)/o.
2, 3
Let q = 162 - -439. What are the prime factors of q?
601
Let f(h) = -h**3 - 6*h**2 + 4*h + 6. Let r be f(-5). Let j = r - 61. Let s = -66 - j. What are the prime factors of s?
2, 17
Suppose -5*i - 4*z = -8*z - 2300, 2*i - 5*z = 937. What are the prime factors of i?
2, 3, 19
Suppose 18 = -2*v - y, -y = -3*v + 3*y - 5. Suppose -5*c + 28 + 18 = b, -5*b - 5*c + 190 = 0. Let o = b + v. What are the prime factors of o?
29
Suppose 2*x = 4*s + 26, -s + 6*s - 3*x + 33 = 0. Let v(r) = -35*r**2 + 1. Let i be v(1). What are the prime factors of i/(-3) - 4/s?
2, 3
Let o = -3568 - -5006. List the prime factors of o.
2, 719
Suppose -3*h - 4*d = -9*d - 8642, -5*h + 4*d + 14425 = 0. List the prime factors of h.
3, 107
Let y(i) = i**3 - 2*i**2 + 3*i - 5. Let s be y(4). List the prime factors of (9/5)/(s/455).
3, 7
Let j(r) = 18*r**2 + 3*r + 2. Suppose -73 = -4*t + 2*k + 63, -3*t = -5*k - 95. Let o = 33 - t. List the prime factors of j(o).
2, 17
Let r = 358 - 171. Let q(w) = -2*w**3 - 23*w**2 + 5*w + 56. Let c be q(-11). Let o = c + r. What are the prime factors of o?
67
Let q be 4 + -6 - (-36)/2. What are the prime factors of (q/(-10))/(16/(-40))?
2
Suppose -530*d = -521*d - 8091. What are the prime factors of d?
29, 31
List the prime factors of -1 + 0 + 673 + (6 - -7).
5, 137
What are the prime factors of -63*2*((-1243)/22 + 7)?
3, 7, 11
Let d be 4*(-3 + 2) + (156 - 0). Let t = d - 53. What are the prime factors of t?
3, 11
Suppose 0 = -6*t - 8 + 14. Let v(c) = 27*c**3 - c. What are the prime factors of v(t)?
2, 13
Let p(y) = -y**3 + 15*y**2 + 43*y + 12. Let k(r) = r**3 - 22*r**2 + 43*r - 43. Let d be k(20). What are the prime factors of p(d)?
3, 5, 11
Let x = -1250 - -2586. Suppose -v + 4*v - x = -4*s, -2*v - 1019 = -3*s. What are the prime factors of s?
337
Let q(w) = 22*w + 3. Suppose 0 = -5*c + 2*o + 35 - 10, c - 5 = -2*o. What are the prime factors of q(c)?
113
Let f be 6 - (-2 + (-24 - 4)). Let j(p) = 10*p**2 + 3*p. Let g be j(-3). Let z = g - f. List the prime factors of z.
3, 5
Suppose -2*i + 6 = -92. Let v = i + -4. List the prime factors of v.
3, 5
Suppose -b = 4*b - 45. Let m(f) = f - 13. Let x be m(b). What are the prime